the tens digit of o?
1
What is the hundreds digit of 6/((132/(-400))/(-11))?
2
Let k be (10/(-15))/(2/(-174)). Suppose -5*f = -3*j + k, -3*j - f + 50 - 4 = 0. What is the tens digit of j?
1
Let f(v) = -v - 3. Let z be 2/9 - 94/18. Let d be f(z). Suppose -p + 9 = g, -6*g + g + 17 = -d*p. What is the units digit of p?
4
Let a(v) = -2*v**2 + 8*v + 6. Let x(s) = -s**2 + s + 1. Let h(d) = a(d) - 3*x(d). What is the units digit of h(-7)?
7
Let c = 23 + -3. Let a = c + 2. What is the tens digit of a?
2
Let u(t) = t**2 + 2*t + 1. Let b be u(-3). Let v(d) = d**3 - 4*d**2 + 2*d - 1. What is the units digit of v(b)?
7
Suppose 2 = -2*q - 0. Let v = q - -3. What is the units digit of v?
2
Let z = 7 - 2. Suppose -2*q = 2*q. Suppose z*n - 40 = -q. What is the units digit of n?
8
Suppose 2*b - 4*l + 0*l + 24 = 0, -4*l + 12 = 4*b. Let o be b/(0 - 1/(-4)). Let h = o - -12. What is the units digit of h?
4
Suppose 0 = 4*k + 7 + 9. What is the tens digit of (k/(-5))/((-7)/(-140))?
1
Let w = 9 - -111. What is the units digit of w?
0
Suppose 90 = 10*y - 280. What is the tens digit of y?
3
Let q be (-10)/(4/(-1) + 2). Suppose q*k = 4*f + 6 + 26, 2*f + 5*k + 46 = 0. Let w = -7 - f. What is the units digit of w?
6
Suppose -4*s + 13 = 1. Let m = 10 - s. What is the units digit of m?
7
What is the tens digit of (-4)/(-18) + 8840/153?
5
Suppose -4*b = -2*k + 4 - 6, -4*k = -5*b - 8. What is the units digit of k?
7
Let l be (-2)/(-4) - 18/(-12). Let i(u) = -l*u + 5 + u + 1. What is the units digit of i(5)?
1
Suppose 3*z - 66 = -3*v, 2*z = 3*z + 4. What is the units digit of v?
6
Let v(c) = c**2 + 11*c + 32. What is the units digit of v(-6)?
2
Let q be ((-8)/(-3))/((-1)/(-3)). Suppose -9*v = -8*v. Suppose -p + q + 2 = v. What is the units digit of p?
0
Let v be (0 + -1)/(4/(-16)). Suppose -1 = -v*i + 7. Suppose -4*n - w + 1 = 0, 2*n + 5*w = -i*n - 11. What is the units digit of n?
1
Let r(o) be the first derivative of -o**4/4 - 2*o**3/3 - o**2/2 - 5*o - 9. What is the tens digit of r(-4)?
3
Suppose -2*u + 5 = 2*c - 5, -c - 3*u + 7 = 0. Suppose i = -c*i + 100. What is the tens digit of i?
2
Suppose -l + 8 = l. What is the units digit of (-45)/2*l/(-5)?
8
Suppose 0*d - 25 = -5*d. Let o be (d/10)/(2/20). Suppose -p = -1, 15 = 3*k + o*p + 4. What is the units digit of k?
2
Let d be -2*(-5 - -4)*(-87)/(-6). Let p be 2/3 + 2/(-3). Suppose p*m - l + 37 = 3*m, -3*m - 5*l + d = 0. What is the units digit of m?
3
Let q = -374 + 571. What is the tens digit of q?
9
Let s = 57 - -159. What is the units digit of s?
6
Let z(c) = -c**3 + 5*c**2 - 5*c + 4. Let u be z(4). Suppose u = -3*a - a. Suppose -2*n = -5*f - n + 7, 5*f + 2*n - 16 = a. What is the units digit of f?
2
Suppose -7 - 1 = 4*v + 4*k, -3*k = -3. Let p be v + (4 + -2 - 0). What is the units digit of (p - -5)/(5 - 4)?
4
Let x = -34 - -80. What is the tens digit of x?
4
Let b(p) = p - 2. Let s be b(9). Let k(t) = t**2 + 2. What is the units digit of k(s)?
1
Let k(w) = w**2 - 10*w. What is the units digit of k(15)?
5
Suppose -3*x + 255 = 8*n - 4*n, -4*x - 276 = -4*n. What is the tens digit of n?
6
Let u be (-14)/(-3)*(-3)/2. Let c = -3 - u. What is the units digit of c?
4
Let s be -3*3*(-2)/9. Suppose -s*j = -10 - 14. What is the units digit of (-4)/(-2)*-1 + j?
0
Let u be -2*(-2 - -4) - -12. What is the units digit of u - 10 - 70/(-2)?
3
Let h be -1*(0 + 1) + 4. Suppose 0 = -4*p + 3*p + 3*c + 13, 3*c - 3 = -h*p. Let n = p + 4. What is the units digit of n?
8
Let y = 21 + -1. Let o = 76 + -74. Let k = o + y. What is the tens digit of k?
2
Let x be (-4)/18 + (-1796)/18. What is the units digit of -3 + x/(-2) - 1?
6
Let n(a) be the first derivative of -a**3/3 - 4*a**2 + 7*a - 1. Let s(p) = p - 12. Let c be s(4). What is the units digit of n(c)?
7
Let v(b) = b**3 + 10*b**2 - 2*b - 8. Suppose q = -2, 0 = -4*g - 0*g + 3*q + 18. Suppose -g*y - 19 = 11. What is the tens digit of v(y)?
1
Suppose 2*f - 4*o - 24 = -2*f, -5*f = 2*o - 58. What is the units digit of f?
0
What is the units digit of -1 - (-38 - 4) - 2?
9
Let h = 61 + -44. What is the tens digit of h?
1
Suppose 380 = 5*r - 285. What is the units digit of r?
3
Let o be 20/(-6) - 1/(-3). Let c be (4/(-5))/(o/(-15)). What is the units digit of ((-4)/6)/(c/6)?
1
Let l be 0*(-2 + 4 + -3). Suppose -120 = -l*f - 5*f. What is the tens digit of f?
2
Suppose 3*h + 41 = -16. Suppose -162 = 5*l + 3*b, -b + 7 = -l - 19. Let o = h - l. What is the units digit of o?
1
What is the hundreds digit of 191 - (-9 - -5) - (-8)/2?
1
Suppose 18 - 238 = -d. What is the tens digit of d?
2
Let g(i) = -i**2 + 7*i + 2. Suppose 4*n = 16 + 12. Let c be g(n). What is the units digit of 316/44 + c/(-11)?
7
Suppose 4*f - 7*f = 12, 3*c - 576 = -3*f. What is the units digit of c?
6
Suppose 21 = -0*o - 3*o. Suppose 7*l - 2*l = 25. Let z = l - o. What is the units digit of z?
2
Let q(b) = 30*b - 12. What is the tens digit of q(6)?
6
Suppose -2*y + 3*v + 20 + 0 = 0, -4*y + 36 = -5*v. Suppose y*w = -k + 44, 0 = -5*w + 4*k - 0*k + 55. What is the units digit of w?
1
Let q(i) be the third derivative of -i**4/24 + 2*i**2. What is the units digit of q(-4)?
4
Let o(d) be the second derivative of d**4/12 - 5*d**3/6 + d**2/2 - d. Suppose 11 = 2*t + 1. What is the units digit of o(t)?
1
Suppose 0*p - 2*k + 8 = 2*p, -12 = -3*p + 2*k. What is the units digit of p?
4
Let j = 190 + -102. What is the units digit of j?
8
Let s(z) = -z - 2. Let g be s(-5). Suppose 0 = -g*w, -2*b - 7*w + 3*w + 4 = 0. Suppose b*d - 7 = -1. What is the units digit of d?
3
Let g = -62 + 149. What is the tens digit of g?
8
Suppose 0 = -5*q - 5*h + 25, 2*h = -3 - 5. Let o = 23 - q. What is the tens digit of o?
1
Let u = -2 - -4. Let t(n) = n. Let b be t(2). Suppose -b*z + u + 0 = 0. What is the units digit of z?
1
Suppose f = 7 - 2. Suppose -f*y + 6 = -24. What is the units digit of y?
6
Let v(c) = -3*c - 15. What is the units digit of v(-9)?
2
Suppose 47 + 52 = 3*v. What is the units digit of v?
3
Let i = -7 + 10. Suppose -i*q + 6 = 2*v, q + 4*v + 0 - 2 = 0. Suppose -l - q*l + 15 = 0. What is the units digit of l?
5
Let d = -6 - -9. What is the units digit of d?
3
Suppose w - 75 = -5*t + 3*w, -18 = -t + w. What is the units digit of t?
3
Let p(t) = 8*t + 1. Let a be p(3). Suppose -y + 8 = y + 5*u, -y + 5*u + 4 = 0. Suppose y*q = -q + a. What is the units digit of q?
5
Let n = -226 + 355. Let b = n - 88. What is the tens digit of b?
4
Let x be (-8)/3*(-6)/4. Suppose 0*l - l = -x*o + 28, 2*l - 7 = -o. What is the units digit of o?
7
Let r(w) = w**2 - 10*w + 13. Let s(i) = 2 - i**2 - 3 - i**2 - i**3 - 9*i**3 - 2*i. Let u be s(-1). What is the units digit of r(u)?
4
Let u(k) = 24*k - 19. What is the tens digit of u(6)?
2
Suppose 6*s - s = b + 6, 6 = s - 5*b. Let p(r) = 2*r**2 - 2*r + 1. What is the units digit of p(s)?
1
Let v(o) = o**3 - 4*o**2. Let c be v(4). Suppose 4*s - 4 - 16 = -3*g, -2*s - 8 = c. What is the units digit of g?
2
Let l = -7 - -27. Let z be (l/(-6))/1*-15. Suppose z = 2*k + 3*k. What is the units digit of k?
0
Suppose 2*n - 77 = -3*d, -3*n - n + 166 = 2*d. What is the units digit of n?
3
Let l(v) = 2*v. Let u be l(3). Suppose 2*h = h - u. Let p = h + 11. What is the units digit of p?
5
Let a(w) = -5*w - 6. What is the units digit of a(-21)?
9
Let q be (1 - 1) + (-60)/3. Let a be (-2 + 12)/((-2)/6). Let s = q - a. What is the tens digit of s?
1
Let y(g) = -g**3 + 7*g**2 + g + 4. Let t(i) be the third derivative of -i**4/24 + 2*i**3 - 3*i**2. Let q be t(5). What is the tens digit of y(q)?
1
Let l(x) = -12*x - 4. Let q be l(-2). What is the tens digit of -5 - -5 - (0 - q)?
2
Let b = -70 + 161. What is the tens digit of b?
9
Let j(y) = y**3 + y**2 - 4*y - 1. Suppose -l - 3 + 0 = n, -2*l = 0. Let b be j(n). What is the units digit of b + 4 - (-2 + -16)?
5
Let t(n) = 3*n**2 + 4*n + 6. Let z be (-8 + 2)*2/4. What is the units digit of t(z)?
1
Suppose o + o = 116. Suppose -4*g - 6 = -o. What is the tens digit of g?
1
Let q = -2 + 30. What is the units digit of q?
8
Suppose 0 = u - 2*f + 1, -5*f - 2 = -4*u. Suppose u*b + 2 = 29. What is the units digit of b?
9
Let l(g) = -5*g - 3. Suppose 0 = 4*k - 5*i + 28, 4*k + 0*k = 2*i - 16. Let n be l(k). Let m = -4 + n. What is the units digit of m?
3
Let b(o) = -2*o + 18. Let p be b(13). Let u(r) = 7*